igit of 25268503?
0
What is the units digit of 241800?
0
What is the hundred thousands digit of 1046083?
0
What is the thousands digit of 8572902?
2
What is the thousands digit of 2373713?
3
What is the millions digit of 2784729?
2
What is the ten thousands digit of 157482?
5
What is the ten thousands digit of 276789?
7
What is the hundred thousands digit of 5275893?
2
What is the thousands digit of 4340835?
0
What is the hundred thousands digit of 538045?
5
What is the hundreds digit of 312669?
6
What is the units digit of 534249?
9
What is the millions digit of 1178294?
1
What is the ten thousands digit of 545889?
4
What is the units digit of 539765?
5
What is the tens digit of 5826649?
4
What is the ten thousands digit of 1435029?
3
What is the ten thousands digit of 832655?
3
What is the hundred thousands digit of 446335?
4
What is the millions digit of 1089892?
1
What is the tens digit of 9643105?
0
What is the ten thousands digit of 21734430?
3
What is the tens digit of 695338?
3
What is the units digit of 275238?
8
What is the units digit of 1928840?
0
What is the tens digit of 94553?
5
What is the ten thousands digit of 43021612?
2
What is the units digit of 8521786?
6
What is the hundreds digit of 1208722?
7
What is the ten thousands digit of 309331?
0
What is the ten thousands digit of 401551?
0
What is the tens digit of 338513?
1
What is the tens digit of 426533?
3
What is the millions digit of 3470576?
3
What is the hundreds digit of 1091405?
4
What is the millions digit of 2087573?
2
What is the hundreds digit of 254226?
2
What is the hundred thousands digit of 412931?
4
What is the millions digit of 23232077?
3
What is the units digit of 1609045?
5
What is the units digit of 3667211?
1
What is the millions digit of 1553068?
1
What is the ten thousands digit of 191554?
9
What is the thousands digit of 57848?
7
What is the millions digit of 11641249?
1
What is the units digit of 1275356?
6
What is the ten thousands digit of 1911665?
1
What is the thousands digit of 79511?
9
What is the units digit of 12720179?
9
What is the ten thousands digit of 4964045?
6
What is the hundreds digit of 1118996?
9
What is the ten thousands digit of 1029309?
2
What is the thousands digit of 2868535?
8
What is the tens digit of 246747?
4
What is the hundreds digit of 53239?
2
What is the hundreds digit of 5899934?
9
What is the ten millions digit of 10217123?
1
What is the tens digit of 98034?
3
What is the millions digit of 1017169?
1
What is the tens digit of 5257167?
6
What is the ten thousands digit of 13748980?
4
What is the tens digit of 33486522?
2
What is the hundreds digit of 1652516?
5
What is the millions digit of 4881840?
4
What is the hundred thousands digit of 624530?
6
What is the millions digit of 7279795?
7
What is the hundred thousands digit of 38789891?
7
What is the ten thousands digit of 11042753?
4
What is the millions digit of 2785804?
2
What is the tens digit of 145812?
1
What is the tens digit of 1123812?
1
What is the tens digit of 10384452?
5
What is the units digit of 2582458?
8
What is the hundreds digit of 6941488?
4
What is the ten thousands digit of 2118058?
1
What is the millions digit of 16476405?
6
What is the thousands digit of 17292017?
2
What is the hundreds digit of 14863533?
5
What is the units digit of 2425543?
3
What is the ten millions digit of 26313190?
2
What is the units digit of 2144256?
6
What is the hundreds digit of 65645?
6
What is the units digit of 192755?
5
What is the thousands digit of 1282105?
2
What is the ten thousands digit of 23033813?
3
What is the units digit of 11227?
7
What is the hundreds digit of 1440756?
7
What is the ten thousands digit of 78682?
7
What is the thousands digit of 5187576?
7
What is the millions digit of 1975348?
1
What is the ten thousands digit of 440655?
4
What is the ten thousands digit of 1068959?
6
What is the ten thousands digit of 663166?
6
What is the millions digit of 7825620?
7
What is the hundred thousands digit of 246583?
2
What is the millions digit of 13396880?
3
What is the hundreds digit of 102438?
4
What is the units digit of 216710?
0
What is the tens digit of 3458862?
6
What is the units digit of 998838?
8
What is the millions digit of 6656540?
6
What is the thousands digit of 68242?
8
What is the hundred thousands digit of 6298178?
2
What is the units digit of 5426335?
5
What is the ten millions digit of 43561519?
4
What is the hundreds digit of 4021623?
6
What is the thousands digit of 79165?
9
What is the tens digit of 227372?
7
What is the ten thousands digit of 592897?
9
What is the thousands digit of 1373751?
3
What is the tens digit of 1628193?
9
What is the tens digit of 716449?
4
What is the thousands digit of 8528976?
8
What is the tens digit of 899224?
2
What is the hundred thousands digit of 140854?
1
What is the hundred thousands digit of 2767049?
7
What is the millions digit of 5203013?
5
What is the hundred thousands digit of 2739741?
7
What is the thousands digit of 207561?
7
What is the tens digit of 85847?
4
What is the thousands digit of 613087?
3
What is the hundreds digit of 4479613?
6
What is the hundreds digit of 629067?
0
What is the tens digit of 12697470?
7
What is the hundreds digit of 5232994?
9
What is the thousands digit of 1027293?
7
What is the thousands digit of 3755681?
5
What is the millions digit of 13405799?
3
What is the ten thousands digit of 144053?
4
What is the hundred thousands digit of 3641809?
6
What is the ten thousands digit of 4189164?
8
What is the units digit of 5441922?
2
What is the hundreds digit of 111807?
8
What is the thousands digit of 424108?
4
What is the ten thousands digit of 1924936?
2
What is the ten thousands digit of 19294186?
9
What is the ten thousands digit of 2147368?
4
What is the hundred thousands digit of 124245?
1
What is the hundreds digit of 144346?
3
What is the hundred thousands digit of 3142964?
1
What is the hundreds digit of 3865068?
0
What is the hundreds digit of 467938?
9
What is the millions digit of 3679365?
3
What is the hundred thousands digit of 123100?
1
What is the thousands digit of 3551384?
1
What is the units digit of 522330?
0
What is the thousands digit of 192747?
2
What is the hundreds digit of 308646?
6
What is the hundred thousands digit of 104097?
1
What is the tens digit of 992477?
7
What is the hundred thousands digit of 8821463?
8
What is the hundred thousands digit of 1978657?
9
What is the tens digit of 1687921?
2
What is the hundred thousands digit of 348235?
3
What is the units digit of 4012149?
9
What is the units digit of 1037850?
0
What is the hundreds digit of 6491413?
4
What is the tens digit of 218519?
1
What is the tens digit of 6098507?
0
What is the thousands digit of 780051?
0
What is the tens digit of 122487?
8
What is the tens digit of 541675?
7
What is the hundreds digit of 7568717?
7
What is the hundred thousands digit of 2132322?
1
What is the millions digit of 6518552?
6
What is the ten thousands digit of 112606?
1
What is the units digit of 2116135?
5
What is the units digit of 257804?
4
What is the ten thousands digit of 2606387?
0
What is the tens digit of 245148?
4
What is the thousands digit of 9094803?
4
What is the hundred thousands digit of 599269?
5
What is the millions digit of 4146089?
4
What is the tens digit of 2762138?
3
What is the ten thousands digit of 4295165?
9
What is the tens digit of 850062?
6
What is the ten thousands digit of 80420?
8
What is the hundreds digit of 1120247?
2
What is the thousands digit of 9809678?
9
What is the ten thousands digit of 250763?
5
What is the millions digit of 1597795?
1
What is the thousands digit of 1511327?
1
What is the units digit of 1102700?
0
What is the millions digit of 1184110?
1
What is the units digit of 4623586?
6
What is the tens digit of 4112913?
1
What is the thousands digit of 20515082?
5
What is the tens digit of 39451?
5
What is the tens digit of 835507?
0
What is the hundreds digit of 238356?
3
What is the units digit of 866523?
3
What is the tens digit of 179357?
5
What is the ten thousands digit of 514884?
1
What is the thousands digit of 370040?
0
What is the tens digit of 17084858?
5
What is the tens digit of 1020675?
7
What is the hundreds digit 